 = 2*s + 5694, 2*l - 2*s + m = 7*l. List the prime factors of l.
2, 5, 19
Let i(j) = -j**3 + 48*j**2 + 37*j - 379. List the prime factors of i(34).
113, 151
Suppose -2*w + 10338 = 2*n, 21*n + 10338 = 2*w + 18*n. List the prime factors of w.
3, 1723
List the prime factors of ((-951240)/96)/((-35)/112).
2, 7927
Suppose 89*c = 72*c + 48161. List the prime factors of c.
2833
List the prime factors of -6*(-5)/45*3846.
2, 641
Suppose -23*a + 297607 = -103*a + 807927. List the prime factors of a.
6379
Let g = 879 + -880. What are the prime factors of (g - 2/4)*(138 + -930)?
2, 3, 11
Let i = 30638 - 23114. List the prime factors of i.
2, 3, 11, 19
Let f = 868 + 2941. What are the prime factors of f?
13, 293
Let o be (-85)/(-34)*8/10. Suppose -5*c + 1016 = o*j, 9*c + 2*j = 8*c + 208. What are the prime factors of c?
2, 101
Let w(v) = -10*v - 28. Let z be w(-3). Suppose z*f - f - 60 = 0. Suppose -41*o + 39*o = -f. What are the prime factors of o?
2, 3, 5
Let o(d) = -7*d**2 - 14*d + 1. Let x(z) = 2*z**2 + 2*z - 1. Let c(h) = o(h) + 4*x(h). Let g = 5 + -8. List the prime factors of c(g).
2, 3
Suppose 3*c - 2*t = -3*t - 3758, 0 = -3*c - 5*t - 3754. Let h = c - -1825. What are the prime factors of h?
2, 11, 13
Suppose 12*q - 41884 = 79064. List the prime factors of q.
10079
Let s = -319 + 382. Suppose -s*w - 670 = -65*w. What are the prime factors of w?
5, 67
Let a = -768 - -2280. Suppose -5*d = 3*w - 3780, -4*d - w = -1519 - a. What are the prime factors of d?
3, 11, 23
Suppose -47*l - 103*l + 356575 = -131525. What are the prime factors of l?
2, 1627
Suppose -52 = 4*b + 4*d, -2*b + 2*d - 50 = -36. Let f(h) = 10*h**2 + 16*h + 28. List the prime factors of f(b).
2, 7, 31
Let p(n) = -1324*n - 76. List the prime factors of p(-9).
2, 5, 37
Let j(h) = h**3 + 2*h**2 + 2*h - 3. Let k be j(1). Suppose 1582 = k*b + 5*b. What are the prime factors of b?
2, 113
Let y be (4/10)/(-1) + 2147/(-95). Let b = 9 + -21. Let w = b - y. List the prime factors of w.
11
Let x be (-129)/(-7) - 18/42. Let p(h) = -h + 24. Let t be p(x). Suppose 4*g - t*g + 92 = 0. What are the prime factors of g?
2, 23
Suppose 17 + 8 = 5*n. Let d = -119 - -171. Suppose -n*s + 143 = -d. List the prime factors of s.
3, 13
Let k be -1 + 1 + 5 + (76 - 76). Suppose -4*a = -k*v - 1665 - 2334, -5*a + 5*v = -5000. List the prime factors of a.
7, 11, 13
Suppose 3*y = 5680 - 1472 + 1486. What are the prime factors of y?
2, 13, 73
Let r = 45 + -57. What are the prime factors of 5*101 - (-8 - r)?
3, 167
Let a(o) = 0*o - 5*o + 3*o - 5*o + 239. List the prime factors of a(-14).
337
Suppose 10*s = 1053 + 877. Let p = s + 168. List the prime factors of p.
19
Let c be (1449/12 - -1) + 24/96. Suppose b - 12 = -2*b. List the prime factors of (b + c/4)*2.
3, 23
Let g(u) = u**3 - u + 288. Let z be g(0). Suppose 6*l - z = 2*l. Suppose 0 = -4*p + 2*p + l. What are the prime factors of p?
2, 3
Let u be (-6)/(-4)*1284/18. Let y = u + -64. List the prime factors of y.
43
Let d = 28429 + -17133. What are the prime factors of d?
2, 353
Let u(d) = 5*d**3 - 331*d**2 + 58*d - 226. List the prime factors of u(67).
2, 7, 193
What are the prime factors of (-68 - 358)*(289/(-15) + 22/(-55))?
2, 59, 71
Let x = -13 + 18. Suppose 6*d - 66 = x*d - 2*q, 5*q = -4*d + 270. What are the prime factors of d?
2, 5, 7
Let u(h) = -h**2 + 4*h + 17. Let s be u(7). Let j be (1 - -37)/((-2)/(-4)*s). Let m = j - -22. List the prime factors of m.
3
Let w(r) = 1. Let z(t) = -53*t + 22. Let q(j) = 6*w(j) + 2*z(j). List the prime factors of q(-5).
2, 5, 29
Let f be (-16)/(2/1) + -578. Let o = 1896 + f. List the prime factors of o.
2, 5, 131
Suppose 395976 - 2428248 = -144*b. What are the prime factors of b?
11, 1283
Let x(s) = -6*s. Let i be x(-1). Let a be (-3)/((i/10)/((-12)/30)). Suppose 3*q = 4*v + a*q - 418, -5*q + 10 = 0. List the prime factors of v.
3, 5, 7
Let r(i) = 15 + i**2 + 9 - 23 - 50*i + 2*i**2. What are the prime factors of r(20)?
3, 67
Let b(m) = -5*m**2 + 15*m + 4. Let u be b(3). What are the prime factors of 6/((-162)/(-8403)) + u/(-18)?
311
Let x(w) = 15*w**3 + 22*w**2 - 174*w + 1038. What are the prime factors of x(6)?
2, 3, 11, 61
Suppose -j = 5*m - 5, -m = 2*m + 3. Suppose 0 = j*q - 6*q - 1744. What are the prime factors of (-6)/12 + q/8?
2, 3
Let h = 42439 - 22716. List the prime factors of h.
11, 163
Let m = -42 + 96. Suppose 2*n = -4*n + m. List the prime factors of n.
3
Let c = 135 + -130. Suppose -c*v + 429 = -0*y - y, y = -2*v + 173. What are the prime factors of v?
2, 43
List the prime factors of (-45660)/(-16) + 3/96*-4*-2.
2, 1427
Let r(x) = 8*x + 10. Let d(n) = 7*n + 11. Let c(m) = -6*d(m) + 5*r(m). Let q be c(-6). List the prime factors of (-160)/q - (-3 + -1).
2, 11
List the prime factors of 11/(-33)*(2 + 1)*-5574.
2, 3, 929
Suppose -3*w - 143*w = -7*w - 948536. List the prime factors of w.
2, 853
Let a be -6 - 8/((-64)/(-40)). Let y = 28 - 46. Let n = a - y. What are the prime factors of n?
7
Let p = -2659 - -7844. List the prime factors of p.
5, 17, 61
Let a = -57293 + 100053. List the prime factors of a.
2, 5, 1069
Let i(t) = t**2 - 15*t - 11. Let u be i(16). Suppose -244 = u*d - d. Let q = d - -237. List the prime factors of q.
2, 11
Suppose 5*y - 178*b + 179*b = 92474, -5*b = -3*y + 55462. List the prime factors of y.
2, 7, 1321
Let n(v) = v**2 - 64. Let q be n(-8). Suppose 0*x - u = -x + 164, 2*x - u - 324 = q. List the prime factors of x.
2, 5
Let l(q) = -6*q**3 - 73*q**2 + 82*q - 7. What are the prime factors of l(-20)?
17, 1009
Let n = -246 + 249. Suppose -3*o = 4*i - 243 - 441, o - n*i - 241 = 0. What are the prime factors of o?
2, 29
Suppose -2*g + 34 = 4*n, 5*g + 7*n = 5*n + 61. Suppose -167 = -6*o - g. What are the prime factors of o?
2, 13
Let s = -278 + 271. Let b(a) = 8*a**2 + 9*a - 21. List the prime factors of b(s).
2, 7, 11
Suppose -3147686 = 2314*v - 2400*v. What are the prime factors of v?
17, 2153
Let z = 849 - -13340. What are the prime factors of z?
7, 2027
Let p be (9/(189/28))/(1/(-15)). Let x(s) = 2*s**2 + 23*s - 46. What are the prime factors of x(p)?
2, 3, 7
Let j be 8/68 + 4/(-136)*-1084. Suppose 617 = 3*b + 4*t, -5*b - j*t = -37*t - 970. List the prime factors of b.
199
Let d(n) = -n - 10. Let c be d(9). Let h(o) = -2*o**3 - 32*o**2 + 42*o. What are the prime factors of h(c)?
2, 3, 19
Let b be (7 + -6)/(-2 + 1). Suppose 0 = 5*h + 268 - 238. List the prime factors of (-24)/(-36)*(171/h)/b.
19
Suppose -26*r - 125406 = -3*u - 23*r, u + 2*r = 41787. List the prime factors of u.
7, 853
Suppose -2*p + 3315 = -19*p. Let n be -4 - 313 - 0/3. Let o = p - n. List the prime factors of o.
2, 61
Suppose 95*t - 198543 = 166067. List the prime factors of t.
2, 19, 101
Suppose 4*i + 59 = 4*x + 383, 0 = -x + 4*i - 75. What are the prime factors of (6/1 - x) + 0?
89
Let q = 118 - 142. Let u(f) = -f**3 - 5*f**2 - 7*f - 6. Let j be u(-4). What are the prime factors of q/16*(-1 - 250/j)?
2
Let t(r) = 22*r**3 + 2*r**2 - r. Suppose -5*f - 2 = 5*s - 12, 2*s = 0. Let z be t(f). Let c = 283 - z. List the prime factors of c.
101
Suppose 39*g = -40*g + 80*g - 25920. List the prime factors of g.
2, 3, 5
Let i(p) = -22*p - 67. Let c be i(-6). Let m = c - 70. List the prime factors of (860/(-6))/m*3.
2, 43
Suppose -3*w - 1122 - 5362 = f, -w + 3*f - 2158 = 0. Let p = -1464 - w. What are the prime factors of p?
17, 41
Suppose 6*j = 12*j - 396. Suppose -z - 4*z + 384 = -3*n, z + 3*n = j. What are the prime factors of z?
3, 5
Suppose -6 = -3*r - 5*j, -2*j = -5*r - 8 - 13. Let z(p) = 23*p**2 - 3*p + 3. Let k be z(r). Let q = -17 + k. What are the prime factors of q?
2, 101
Suppose 44*v - 105*v = -512217. What are the prime factors of v?
3, 311
Let q = -1229 - -1291. Suppose 3*i - 2*i = 0. Suppose -2*f = -4*a - 4*f + 256, a + f - q = i. List the prime factors of a.
2, 3, 11
Let g(i) = 14*i**2 + i + 61. Let n be g(7). Suppose 4*m = -5*t - 85 + 1595, n = 2*m + 3*t. List the prime factors of m.
2, 5, 19
Suppose 2*s = -2*y + 7832, 0 = -2*s - s - 2*y + 11752. Suppose 0 = -3*c + 19*c - s. List the prime factors of c.
5, 7
Let t = 20602 - 13527. List the prime factors of t.
5, 283
Suppose -9225 = 13*t - 34172. What are the prime factors of t?
19, 101
Suppose -6*k + 140 = -4*k. Let p = 135 - k. Suppose 3*v + 240 = 4*u, -5*u - 2*